t p be (-1)/5 - (-258)/15. Suppose -5*h + 2*a = -32 + 4, p = 2*h + 5*a. What is l(h)?
7
Let z = -210 - -212. Let s(k) = -296*k**2 + 151*k**2 - 3 + 149*k**z - k**3 + k. Determine s(3).
9
Suppose 0*z - z = 5*w - 78, 0 = -4*w - 5*z + 75. Suppose -2*t - u - w = 0, -6 + 3 = u. Let m(v) = 8 + 7 + 4 + 2*v - 13. Give m(t).
-6
Let r = -220 + 222. Let o(b) = 202 + 194 - 396 - 4*b + 4*b**r. What is o(-3)?
48
Let m(x) = x**3 + 13*x**2 - 17*x - 35. Suppose 7*n + 89*n - 184*n - 1232 = 0. Give m(n).
7
Let z(j) be the second derivative of j**6/360 + 7*j**5/120 + j**4/12 + 3*j**3/2 - 2*j**2 - 221*j. Let y(t) be the second derivative of z(t). Determine y(-7).
2
Let l(m) = 4*m**2 + 3*m + 2. Let r(c) = -109*c + 1195. Let o be r(11). Give l(o).
54
Suppose -4*p + 6*p - v = 23, -3*v = -15. Suppose p = 4*o - 3*t, -3*t = -5*t + 4. Let x(q) = q**3 - 5*q**2 + 2*q. Determine x(o).
10
Let p = -6 - -11. Suppose -2*w = -g + 16, -p*g - 2*w + 28 = 8. Let a(t) = -t**2. Let i(j) = 3*j**2 + 5*j - 3. Let q(x) = -4*a(x) - i(x). What is q(g)?
9
Let t be 260 - 272 - (-15 + 0). Let z(n) be the third derivative of 0*n - 1/60*n**5 + 0 - 5/24*n**4 - 7/6*n**t - 7*n**2. Calculate z(-5).
-7
Let d = -95622 - -95611. Let c(z) = z**2 - z. Let o(a) = 5*a**2 + 8*a + 7. Let x(s) = -4*c(s) + o(s). What is x(d)?
-4
Let t(w) = -w**3 - 451 + 3*w - 446 + 14*w**2 + 884. Calculate t(14).
29
Let j(d) = 3*d**3 - 4*d**2 + d - 16. Let y(g) = -3*g**3 + 5*g**2 - g + 24. Let n(w) = -3*j(w) - 2*y(w). Let m be 3/((-3)/2) - -3. Calculate n(m).
-2
Let h(x) = 709*x**2 - 23*x + 385. Let i(z) = -115*z**2 + 4*z - 64. Let j(n) = -6*h(n) - 37*i(n). Calculate j(13).
97
Let y(v) = 2*v**3 - 16*v**2 - v + 14. Let k be y(8). Suppose 5*q - 4*q = 0. Let a(h) = 0 + q*h + h - 2 - 4. What is a(k)?
0
Let x(v) be the second derivative of -30*v - 1/2*v**2 + 0 + 1/6*v**3. Let l be 1 + (-2 - (2 + -1)). Calculate x(l).
-3
Let y(i) be the third derivative of 1/3*i**4 + 1/6*i**3 - 9 + 0*i + 1/60*i**5 - 3*i**2. What is y(-8)?
1
Suppose j + n = 8, -2*n = 8*j - 9*j - 7. Let z(d) be the third derivative of 0*d + 0 - d**2 - 5/24*d**4 + 0*d**j + 1/60*d**5. Give z(6).
6
Let t(v) = -v**2 - v + 2. Let o = 77 + -44. Suppose -r - 2*f - 3*f + o = 0, 2*r - 38 = -3*f. Let b = r + -16. Calculate t(b).
-4
Let v(k) = 7*k - 496. Let x(h) = 4*h - 229. Let y(p) = -6*v(p) + 13*x(p). What is y(-2)?
-21
Let n(m) = 85*m + 2637. Let k be n(-31). Let c(i) = -7*i**2 + 14*i - 4. Determine c(k).
-4
Let y(i) = 3*i**3 - i. Suppose 77*a - 56 = 73*a. Let o = -21 - -24. Suppose -o*v - a = 4*x + 2*v, -3*v - 10 = 4*x. Calculate y(x).
-2
Let j(q) = -5*q - 5. Suppose -a + 3*u - 9 = 0, -a - 2*u + 7 = -u. Let i = -8 + a. Let r(s) = -6*s - 4. Let c(m) = i*j(m) + 6*r(m). What is c(-1)?
12
Let o be 24*(-6)/(-48)*28. Let v = -81 + o. Let m(j) = j**3 + 2*j - 2. Calculate m(v).
31
Let o(c) = 75*c - 294. Let v(b) = 5*b**2 + b - 2. Let h be v(1). Let t be o(h). Let s(j) = -j**3 + 5*j**2 + 2*j + 1. Give s(t).
-23
Let r = 2381/4 - 7139/12. Let c(v) be the first derivative of -r*v**3 + 0*v**2 - 4 + 0*v. Determine c(0).
0
Suppose -12*n - 93 = 19*n. Let q(y) = 4*y**2 - 3*y + 1. What is q(n)?
46
Suppose g - 2*b - 4 = 0, 3*g + g - 4*b - 28 = 0. Let m be (-2 - -10)/(-9 + g). Suppose -m*l = -l + 28. Let k(p) = -p**2 + 2*p + 3. What is k(l)?
-21
Let y be 12 + (-168)/(210/15). Let m(h) be the third derivative of h**5/60 - h**4/24 - 11*h**3/6 - 2*h**2. What is m(y)?
-11
Let j(k) = -k**2 + 6*k - 6. Let v be -2*(2 - -81)*5/(-10). Suppose -8*l - v = -131. Determine j(l).
-6
Let r(q) be the third derivative of -q**8/20160 - q**6/720 - q**5/30 - 3*q**4/8 + 108*q**2. Let h(l) be the third derivative of r(l). Give h(2).
-5
Let u(p) be the third derivative of p**6/120 + 7*p**5/60 + 7*p**4/24 - p**3 - 6696*p**2. Give u(-6).
-12
Let u(c) = 7*c + 8. Let x be ((-7)/(196/24))/(((-768)/112)/24). Determine u(x).
29
Let b(c) = -15*c**3 + c + 143666*c**2 - 8*c**3 - 143668*c**2. Determine b(1).
-24
Let h(z) = 2*z**3 + 18*z**2 + z + 5. Let x be (-53)/6 - (25/(-6))/(-25). Let q be h(x). Let c(n) = n**3 + 2*n**2 - 5*n - 6. Give c(q).
-18
Let q(r) = r**2 + 8*r + 8. Let x(p) = p**3 - 25*p**2 + 26*p - 44. Let d be x(24). Let y be (90/20)/((-3)/d). Give q(y).
-4
Suppose 13*f + 6 = 6. Let x be 6 - (9 + f + 5). Let k(c) = -c + 11. Determine k(x).
19
Let t(p) = 14*p - 19. Let q(v) = 5. Let z be (-2)/16*3 - (-99)/72. Let a(f) = z*t(f) + 4*q(f). What is a(2)?
29
Let n(w) be the second derivative of 0 + 1/3*w**4 - 175*w + 1/20*w**5 + 3*w**2 - 5/6*w**3. Calculate n(-5).
6
Let d(v) = -v**3 + 4*v**2 - 5*v + 16. Let u = -8048 + 8054. What is d(u)?
-86
Let k(u) be the first derivative of 4*u + 2/3*u**3 + 11 - 3/2*u**2. What is k(4)?
24
Let z(n) be the second derivative of n**3/2 + 3*n**2 + 4*n - 1. Let d be (-7)/1 - (-41 + 38). Determine z(d).
-6
Suppose 55*u = 52*u - 4*y - 9, 3*u + y = -9. Let a(t) = 3*t. Calculate a(u).
-9
Let i(o) = 7*o**2 - 3*o - 1. Let z = -11922 - -11925. Determine i(z).
53
Let u(b) be the first derivative of 3*b - 1870*b**2 + 1869*b**2 - 42 + 2*b. Calculate u(4).
-3
Let g(s) = 11*s**3 + 3*s**2 + 96*s - 8. Let u(y) = 5*y**3 + 2*y**2 + 45*y - 4. Let t(m) = -6*g(m) + 13*u(m). Determine t(9).
-4
Let l(y) = 73*y + 304. Suppose 24 = -3*h, 4*h - 9*h = 2*a + 48. Give l(a).
12
Let q = -7 - -20. Let x(i) = -1521*i - 13. Let n(v) = 1775*v + 14. Let o(z) = -6*n(z) - 7*x(z). What is o(q)?
-32
Let g(n) = -4*n + n**2 - 92 - 2*n + 83. Let a = 52 + -26. Suppose -4*v + 29 = 3*l, -l - 3*l = -v - a. What is g(l)?
-2
Let q(r) = r - 1. Suppose 0 = 5*o - 6*t + 4*t + 12, -o - 2*t = 0. Let n be (-3 - -6 - (o - 0)) + -2. Determine q(n).
2
Let c(x) be the third derivative of x**5/60 + 5*x**4/6 - 2*x**3/3 + 1851*x**2. Calculate c(-19).
-23
Let w(d) be the third derivative of d**5/60 + d**4/6 - d**3/2 - 12*d**2 - 19*d + 5. Let t be 1*-1*(-25)/(-5). Determine w(t).
2
Let v(z) = 127605 + 4*z + 3*z**2 - 127536 - 4*z**2. What is v(10)?
9
Let j(b) be the second derivative of b**6/120 - 13*b**5/60 + b**4/24 + 3*b**3/2 + 42*b**2 - b - 11. Let a(c) be the first derivative of j(c). Determine a(13).
22
Suppose 2*t + 5*s - 3*s - 36 = 0, -2*t = 5*s - 51. Let m(g) = -g + 8. Give m(t).
-5
Let n(s) = -s**2 - 9*s + 8. Let m be n(-9). Let l(f) = 6 + m*f**2 + f**2 - 10*f**2 + 8*f. Calculate l(9).
-3
Let x(c) = 3*c - 49. Suppose -1772 + 1003 - 1331 = -140*v. Give x(v).
-4
Let q(b) be the first derivative of -12*b**2 + 22 - 7/6*b**3 + 0*b + 1/24*b**4. Let h(o) be the second derivative of q(o). Give h(7).
0
Let d(l) = -60*l + 298. Suppose 3*i - 204*n = -201*n + 21, -4*i = -n - 22. Calculate d(i).
-2
Let k(y) = 25*y + 12. Let w(q) = 2*q**2 - 100*q - 206. Let x be w(52). What is k(x)?
62
Let x(n) = 3*n + 16. Suppose 122*a - 4*w + 16 = 118*a, 3*a + 5*w = -28. Calculate x(a).
-2
Let s(h) = -h**3 + 3*h**2 - 3*h + 11. Let n be s(3). Let b(a) = -31*a**3 - 10*a + 30*a**3 + 46*a**n - 34*a**2 - 16. Calculate b(11).
-5
Let o(w) = -12 + 72 - 50 - 22 + 11*w. What is o(7)?
65
Suppose -18 = 2*z - 2. Let j be 2 + z/(-4) + 1. Let l(y) = 1. Let i(p) = 2*p + 3. Let b(k) = i(k) - 6*l(k). Give b(j).
7
Let j(x) = 517*x**3 - 242*x**3 - 247*x**3 + 2*x - 3*x + 1. Calculate j(1).
28
Let q(b) = 3*b**3 + 14*b**2 - 27*b + 16. Let h(i) = -i**3 - 2*i**2 + 4*i - 2. Let s(u) = 5*h(u) + q(u). What is s(2)?
-8
Let w(t) = -t**2 + 32*t + 2. Let b be w(32). Let p(x) = -153*x - 22*x**2 + 76*x + 78*x + 5*x**b. Let q = -2 + 1. Calculate p(q).
-18
Let w = 125 - 124. Let p(r) be the first derivative of r**2/2 + 4*r + 7. Let k(v) = -v - 5. Let j(y) = -3*k(y) - 4*p(y). Determine j(w).
-2
Let h(r) = 14*r**2 - 5. Let o be 1/1 + 6 + 14/(-7). Let g(p) = -119*p**2 + 42. Let a(j) = o*g(j) + 42*h(j). Calculate a(-1).
-7
Let a(b) = 46*b + 1. Let v = -8007 + 8008. Give a(v).
47
Suppose 2*h + 0*z + z - 104 = 0, -3*z = -5*h + 282. Let q = h - 49. Suppose 3*v = w - 4*w + 18, q*v = -w + 26. Let s(a) = 2*a - 4. Calculate s(v).
6
Let l(g) = 22*g**2 + 10*g - 20. Let y(u) = 5*u**2 - 2*u - 2. Let d(w) = l(w) - 5*y(w). What is d(6)?
2
Let p(c) = -5 + 0 + 18*c**2 - 9 + 12 - 2*c. Let w be p(-1). Suppose w = d - 4*d. Let m(j) = -j - 4. What is m(d)?
2
Suppose 21*w = 8*w + 26. Let r(c) be the third derivative of 1/6*c**3 + 1/12*c**4 + 0*c + 0 + 38*c**w. Give r(4).
9
Let o(n) = -n**2. Let f(h) = 4*h**2 + 7*h + 9. Let d